{"id":189,"date":"2012-09-26T21:19:22","date_gmt":"2012-09-26T19:19:22","guid":{"rendered":"http:\/\/geoloskaljetnaskola.hr\/?page_id=189"},"modified":"2026-03-05T20:45:14","modified_gmt":"2026-03-05T19:45:14","slug":"pristup2","status":"publish","type":"page","link":"https:\/\/geoloskaljetnaskola.hr\/?page_id=189","title":{"rendered":"Pristupnica"},"content":{"rendered":"<p><span style=\"color: #333399;\">Za pristupanje se molimo javiti na kontaktnu adresu HGLJ\u0160-a. Nakon pristupanja se p<label for=\"ufo-field-id-954\">rihva\u0107a \u010dlanstvo, Statut te misija i na\u010dela po kojima Udruga djeluje. <\/label><\/span><span style=\"color: #333399;\">Godi\u0161nja redovita \u010dlanarina, u 2026. godini, iznosi 20 eura.<\/span><\/p>\n","protected":false},"excerpt":{"rendered":"<p>Za pristupanje se molimo javiti na kontaktnu adresu HGLJ\u0160-a. Nakon pristupanja se prihva\u0107a \u010dlanstvo, Statut te misija i na\u010dela po kojima Udruga djeluje. Godi\u0161nja redovita \u010dlanarina, u 2026. godini, iznosi 20 eura.<\/p>\n","protected":false},"author":4,"featured_media":0,"parent":0,"menu_order":0,"comment_status":"open","ping_status":"open","template":"","meta":{"footnotes":""},"class_list":["post-189","page","type-page","status-publish","hentry"],"_links":{"self":[{"href":"https:\/\/geoloskaljetnaskola.hr\/index.php?rest_route=\/wp\/v2\/pages\/189","targetHints":{"allow":["GET"]}}],"collection":[{"href":"https:\/\/geoloskaljetnaskola.hr\/index.php?rest_route=\/wp\/v2\/pages"}],"about":[{"href":"https:\/\/geoloskaljetnaskola.hr\/index.php?rest_route=\/wp\/v2\/types\/page"}],"author":[{"embeddable":true,"href":"https:\/\/geoloskaljetnaskola.hr\/index.php?rest_route=\/wp\/v2\/users\/4"}],"replies":[{"embeddable":true,"href":"https:\/\/geoloskaljetnaskola.hr\/index.php?rest_route=%2Fwp%2Fv2%2Fcomments&post=189"}],"version-history":[{"count":14,"href":"https:\/\/geoloskaljetnaskola.hr\/index.php?rest_route=\/wp\/v2\/pages\/189\/revisions"}],"predecessor-version":[{"id":516,"href":"https:\/\/geoloskaljetnaskola.hr\/index.php?rest_route=\/wp\/v2\/pages\/189\/revisions\/516"}],"wp:attachment":[{"href":"https:\/\/geoloskaljetnaskola.hr\/index.php?rest_route=%2Fwp%2Fv2%2Fmedia&parent=189"}],"curies":[{"name":"wp","href":"https:\/\/api.w.org\/{rel}","templated":true}]}}